or of 90522 and 188?
94
What is the highest common factor of 86560 and 160?
160
What is the greatest common factor of 112 and 1124?
4
What is the greatest common factor of 26064 and 288?
144
Calculate the greatest common factor of 58 and 1904.
2
Calculate the highest common factor of 8928 and 25544.
248
What is the greatest common divisor of 325 and 364923?
13
What is the highest common divisor of 459 and 297?
27
What is the greatest common divisor of 173 and 51035?
173
What is the highest common factor of 4082 and 1027?
13
What is the highest common divisor of 41901 and 12?
3
Calculate the greatest common divisor of 7233976 and 4386.
1462
Calculate the greatest common factor of 90 and 316530.
90
What is the greatest common divisor of 54 and 207?
9
What is the greatest common factor of 37191 and 13083?
147
What is the greatest common factor of 666 and 71460?
18
Calculate the greatest common divisor of 583 and 22472.
53
Calculate the greatest common factor of 377803 and 2427.
809
Calculate the highest common factor of 387 and 16542.
9
Calculate the greatest common divisor of 63750 and 1190.
170
What is the highest common divisor of 232 and 173304?
232
Calculate the highest common factor of 585316 and 172.
172
What is the greatest common factor of 1975988 and 224?
28
Calculate the greatest common divisor of 1067 and 9658.
11
What is the greatest common factor of 1480 and 80105?
185
Calculate the highest common divisor of 2516824 and 8.
8
What is the highest common divisor of 1477774 and 316?
158
What is the greatest common divisor of 75 and 428425?
25
Calculate the greatest common factor of 8390 and 410.
10
Calculate the greatest common factor of 70 and 401750.
10
Calculate the greatest common factor of 32697 and 105.
21
What is the greatest common divisor of 221 and 125528?
221
What is the greatest common factor of 10416 and 507696?
336
Calculate the greatest common divisor of 216043 and 37.
37
What is the highest common factor of 713664 and 378?
378
What is the highest common factor of 9 and 573885?
9
Calculate the greatest common factor of 66900 and 3600.
300
Calculate the highest common factor of 133 and 4417.
7
What is the highest common divisor of 40 and 2419670?
10
Calculate the greatest common factor of 443499 and 49.
49
What is the highest common factor of 1646128 and 376?
376
Calculate the highest common divisor of 115143 and 63.
21
Calculate the highest common divisor of 300 and 13725.
75
What is the greatest common factor of 200 and 4296550?
50
What is the greatest common factor of 42788 and 508952?
2252
Calculate the greatest common factor of 60132 and 12.
12
Calculate the highest common divisor of 153645 and 15.
15
What is the highest common factor of 1065 and 4189?
71
What is the greatest common divisor of 636600 and 700?
100
What is the greatest common factor of 372 and 90996?
12
What is the highest common factor of 1075 and 20975?
25
Calculate the highest common divisor of 96480 and 18720.
1440
What is the highest common divisor of 8695 and 141?
47
What is the greatest common factor of 15495 and 264448?
1033
Calculate the highest common factor of 1606864 and 32.
16
What is the greatest common factor of 24 and 40674?
6
What is the highest common divisor of 26450 and 250?
50
What is the greatest common divisor of 1032 and 43602?
258
What is the highest common divisor of 19549 and 7093?
173
Calculate the highest common factor of 7984352 and 3776.
1888
What is the greatest common factor of 72 and 1112?
8
Calculate the highest common factor of 204 and 50524.
68
What is the highest common factor of 7230 and 23850?
30
What is the highest common factor of 2322788 and 8892?
988
What is the greatest common factor of 133845 and 15?
15
What is the highest common divisor of 649 and 257299?
59
What is the greatest common factor of 60 and 1019580?
60
Calculate the greatest common factor of 115 and 2605.
5
Calculate the greatest common divisor of 8370 and 9270.
90
What is the greatest common divisor of 12736 and 21691?
199
What is the greatest common factor of 151 and 282068?
151
What is the greatest common divisor of 61 and 855708?
61
What is the highest common factor of 3136 and 1654632?
392
What is the highest common divisor of 255874 and 62?
62
Calculate the highest common factor of 2448 and 14535.
153
What is the highest common factor of 8199 and 153?
9
What is the greatest common factor of 30 and 218770?
10
What is the highest common factor of 8029 and 3301066?
1147
What is the greatest common divisor of 861 and 14343?
21
Calculate the highest common factor of 588 and 420.
84
What is the greatest common factor of 1831 and 1?
1
What is the highest common factor of 7 and 13309?
1
What is the greatest common factor of 274 and 87817?
137
Calculate the highest common factor of 5023102 and 14.
14
What is the highest common factor of 4164 and 600657?
1041
What is the greatest common divisor of 4 and 805624?
4
What is the greatest common factor of 1057 and 630?
7
Calculate the highest common factor of 19133 and 1632347.
1007
What is the highest common factor of 606 and 4137162?
606
What is the highest common divisor of 5 and 165595?
5
What is the greatest common factor of 12 and 342504?
12
What is the greatest common factor of 3431 and 5029?
47
Calculate the highest common factor of 26 and 1695538.
26
What is the greatest common divisor of 551570 and 20?
10
What is the highest common divisor of 65 and 35165?
65
What is the greatest common factor of 2301100 and 100?
100
Calculate the highest common factor of 1167402 and 103.
103
What is the greatest common factor of 340 and 1530?
170
What is the highest common divisor of 1198919 and 57?
19
What is the highest common factor of 817181 and 139?
139
Calculate the highest common factor of 11 and 116699.
11
What is the highest common factor of 97622 and 7?
7
What is the greatest common factor of 7898 and 5434?
22
What is the highest common divisor of 1842 and 306?
6
Calculate the highest common factor of 5737 and 8.
1
What is the greatest common divisor of 56 and 196616?
56
Calculate the greatest common divisor of 53523 and 741.
57
What is the highest common factor of 832 and 274196?
52
Calculate the highest common factor of 1085 and 25865.
35
What is the greatest common divisor of 3075 and 15744?
123
What is the greatest common factor of 142 and 682523?
71
What is the greatest common factor of 49 and 1145424?
49
What is the highest common factor of 77000 and 12628?
308
What is the greatest common divisor of 729 and 188406?
81
Calculate the highest common factor of 34 and 44.
2
Calculate the greatest common factor of 80 and 436260.
20
Calculate the greatest common divisor of 3392 and 1908.
212
What is the greatest common divisor of 4 and 11236?
4
Calculate the highest common divisor of 15 and 2155035.
15
Calculate the highest common divisor of 1147 and 317.
1
What is the greatest common divisor of 2430 and 63630?
90
What is the highest common factor of 386 and 30661910?
386
What is the highest common factor of 9875 and 3634?
79
What is the highest common factor of 4988 and 4816?
172
Calculate the greatest common factor of 568 and 17750.
142
Calculate the highest common divisor of 128926 and 42.
14
What is the highest common factor of 14654 and 204?
34
Calculate the highest common factor of 66 and 4799454.
66
Calculate the highest common factor of 226625 and 7400.
925
Calculate the greatest common divisor of 448789 and 968.
121
Calculate the greatest common divisor of 102 and 87294.
6
What is the greatest common divisor of 792 and 5634?
18
Calculate the highest common divisor of 110008 and 32.
8
Calculate the highest common divisor of 8838 and 63.
9
Calculate the highest common factor of 39 and 29133.
39
What is the highest common divisor of 15714 and 1164?
582
What is the highest common divisor of 323 and 25213?
19
What is the highest common factor of 114 and 616?
2
What is the greatest common divisor of 138 and 1831122?
138
Calculate the greatest common factor of 28425 and 125.
25
Calculate the greatest common factor of 864 and 2241.
27
Calculate the greatest common factor of 18354 and 4.
2
What is the greatest common divisor of 4068 and 38307?
339
Calculate the greatest common divisor of 3404029 